 t - -48. Let u(q) = 6*q - 3. Calculate the remainder when z is divided by u(2).
8
Suppose 0 = 4*k, -2*n + 2*k + 302 = -0*k. What is the remainder when n is divided by 7?
4
Suppose -9*l = -4*l - 10. Let k = 22 - l. Suppose g - 7 = -0. What is the remainder when k is divided by g?
6
Suppose -43 = -2*q - 17. Let j(x) = x**3 - 2*x**2 + 4. What is the remainder when j(4) is divided by q?
10
Let d = -60 - -71. What is the remainder when (10/30)/((-2)/(-312)) is divided by d?
8
Let y = 1110 + -1075. What is the remainder when 310 is divided by y?
30
Let m = -243 + 316. Calculate the remainder when m is divided by 20.
13
Suppose 1344 = 34*w - 1036. Calculate the remainder when 79 is divided by w.
9
Suppose -10*a + 7*a + 692 = 2*t, -5*t + 1741 = 2*a. What is the remainder when t is divided by 44?
41
Let g = -116 + 151. Calculate the remainder when 109 is divided by g.
4
Suppose 0 = 5*j - 5*l + 4*l + 163, 0 = l - 3. Suppose -5*d + 12 = -2*v, -4*d - 2*v = -9 + 3. Calculate the remainder when d is divided by 9/12*3*j/(-36).
0
Let c = 1601 - 1469. Calculate the remainder when c is divided by 54.
24
Let t(l) = -l**2 + 7*l + 8. Let g be t(8). Suppose g = 2*y - 42 + 12. What is the remainder when 43 is divided by y?
13
Suppose 5*u - 38 = -s, 51*s - u = 56*s - 286. What is the remainder when s is divided by 0 - 0 - (-29 - 2)?
27
Let f(r) = r**2 - 7*r + 9. Let u be f(6). Let g = u - -27. Let x(h) = -11*h + 77. What is the remainder when g is divided by x(6)?
8
Suppose a - 2*x = 40, 2*a - x = x + 72. What is the remainder when 126 is divided by a?
30
Suppose 2*p + 156 = 2*f, -4*f = p + p - 312. What is the remainder when f is divided by 20?
18
Let w be ((-8)/10)/((-4)/(-10)). Let x be (-274 - 0) + 2/w. What is the remainder when x/(-5) - (2 - 0) is divided by 14?
11
Let x(y) = y**3 + 7*y**2 + 19*y + 149. What is the remainder when 186 is divided by x(-7)?
10
Let j(r) = -3*r + 56. Let a be j(18). Suppose -3*v - 2 = -4*k, 4*v - a*k + 40 = 9*v. Calculate the remainder when v is divided by 1/(10/(-4))*-5.
0
Let o = 533 + -503. Calculate the remainder when 56 is divided by o.
26
Let j(m) = -m**3 + 15. Suppose -3*l = 5*s - 0*l - 15, 5*s + 10 = 2*l. What is the remainder when 72 is divided by j(s)?
12
Let j = 16 - 13. Suppose 2*r - 55 - 13 = 4*a, -j*r + 92 = 4*a. Calculate the remainder when 125 is divided by r.
29
Suppose 4*n - 282 = -2*y, -30*y + 194 = 3*n - 32*y. What is the remainder when 406 is divided by n?
66
Let j = 502 - 444. Calculate the remainder when 463 is divided by j.
57
Suppose 2*q + 22 = -3*l + 72, 0 = -2*q - 4. Calculate the remainder when 29 + (-2 - (-8 - -5)) is divided by l.
12
Let y be (-2 - -2) + 1 + 118. Let g(f) = -f**3 - 3*f**2 - 5*f + 2. Let q be g(3). Let z = q + y. Calculate the remainder when z is divided by 18.
16
Let u be 0/((-4)/(-4) + -4). Suppose 0 = 4*b + 5*w - 414, -3*w - 398 = -4*b - u*w. Calculate the remainder when b is divided by -3*(-2 + 40/(-6)).
23
Let c(l) = l**3 + 20*l**2 + 19*l + 25. Let t = 170 + -96. What is the remainder when t is divided by c(-19)?
24
Suppose -10*l = -7*l - 9. Suppose 3*p = l*y - 6 - 45, 0 = y + p - 11. Calculate the remainder when 52 is divided by y.
10
Let l(h) = 7*h - 266. What is the remainder when 382 is divided by l(57)?
116
Let o(n) = -n**3 + 7*n**2 - 8*n + 2. Let z be o(4). Let y = -2 + z. Calculate the remainder when y is divided by 7.
2
Suppose m + 1 = 2*b + 16, 0 = -4*m - 5*b + 73. Let s(q) = q**3 - 8*q**2 + 4*q + 1. What is the remainder when s(8) is divided by m?
16
Suppose 0 = 4*i - 2*d - 51 - 23, -3 = -3*d. What is the remainder when 93 is divided by i?
17
Let i(c) = -c**2 - 23*c + 54. Let v = 103 - 127. Let t = 19 - 11. Calculate the remainder when i(v) is divided by t.
6
Let r(o) = -o**2 + 25*o - 73. What is the remainder when r(17) is divided by 17?
12
Let s(m) = m + 24. What is the remainder when 109 is divided by s(4)?
25
Let z = 5 - 3. Suppose p = 5*s - 165, s - 33 = z*p - 0*p. Calculate the remainder when s is divided by 17.
16
Let k(r) = 3*r + 3. Let s be k(-8). Let f = 33 + s. What is the remainder when f is divided by (2/4)/((-13)/(-182))?
5
Let v = 43 + -10. Let t = v - 23. What is the remainder when 29 is divided by t?
9
Let c = -2 + 1. Let u be (-1 + c)/(6/33). Calculate the remainder when u/(-6)*(2 - -4) is divided by 3.
2
Suppose -5*h = -44 - 106. Let q be (-470)/4*8/(-10). Let j = q - h. What is the remainder when j is divided by 22?
20
Let d be ((-12)/(-9))/((-4)/(-99)). Suppose -3*f = -2*a + 177 - d, 2 = -f. Calculate the remainder when a is divided by 12.
9
Calculate the remainder when 2 - 164/(-4*(-7)/(-14)) is divided by 19 - 5/((-10)/6).
18
Suppose 2*o - 8*v = -11*v + 215, 0 = -5*v + 15. Let l(y) = -2*y**3 - 2*y**2 + 2*y - 4. Calculate the remainder when o is divided by l(-3).
25
Let h be (-16)/10 - 4 - 4/10. What is the remainder when h/(-36) + 334/12 is divided by 15?
13
Let q be (-15)/(-5)*(-1)/(-3). Suppose -4 = -n + q. Suppose 11*k - 186 = n*k. What is the remainder when 59 is divided by k?
28
Let h = -3 - -5. Suppose 0 = -l - 0*i - 3*i, -h*l - 5*i = -3. Let p(y) = y**3 - 7*y**2 - 12*y - 10. What is the remainder when p(l) is divided by 15?
14
Suppose -7*s + 6*s - 1 = 0. What is the remainder when 41 is divided by (-3 - -2)*s*11?
8
Suppose -755 - 142 = -13*c. Calculate the remainder when c is divided by 39.
30
Let o(b) be the first derivative of -b**4/4 + 11*b**3/3 - 7*b**2/2 - 19*b + 19. Calculate the remainder when 39 is divided by o(10).
6
Suppose -5*a = -8*a - 312. Let g = a - -152. What is the remainder when g is divided by 25?
23
Suppose 2*p - p = 5. Suppose 0 = -4*o + p*c + 39, 0*c = o + 2*c. Let h = 8 + -5. What is the remainder when o is divided by h?
0
Let u = 1465 + -955. What is the remainder when u is divided by 57?
54
Let d(t) = 4*t**2 + t. Suppose 19*k - 26*k + 28 = 0. What is the remainder when d(2) is divided by k?
2
Suppose 3*z - 7*z + 212 = 4*c, -213 = -4*c - 3*z. Suppose 2*n = 3*p - 0*p - 50, 5*p + 3*n = 58. What is the remainder when c is divided by p?
12
Suppose 2*b + 5*g - 73 = 0, -63 = -3*b + 5*g + 59. Suppose -b = 4*z - 5*z - f, 5*f - 25 = 0. What is the remainder when z is divided by 19?
15
Let h = 745 - 718. Calculate the remainder when h is divided by 18.
9
Suppose 4*k - 4*v - 1024 = v, -5*v - 20 = 0. Calculate the remainder when k is divided by 12.
11
Let r(c) = c + 19. Suppose 13*i = 20*i - 35. What is the remainder when 94 is divided by r(i)?
22
Suppose -4*r + 4*s - 2 = 34, 12 = 4*s. Let d = 12 + r. Calculate the remainder when 16 is divided by d.
4
Suppose -s - 3 = -6. Suppose -2*u = -s*u + 18. Calculate the remainder when 35 is divided by u.
17
Calculate the remainder when (-33)/(-12)*(1 + 1 - -38) is divided by 29 - -1*(-2)/2.
26
Let a(s) = 150*s - 2. What is the remainder when a(1) is divided by 38?
34
Let k(p) = -p**2 - 6*p - 1. Let n be 32/(-10) - 1/(-5). What is the remainder when 14 is divided by k(n)?
6
Suppose 3*x = x + 24. Suppose 4*j - 56 - 75 = -b, -2*j + 64 = 2*b. Suppose -j = -4*t - c, -3*t + 46 = -2*c + 7*c. What is the remainder when x is divided by t?
5
Let j = -37 + 53. Suppose 4*y - 28 = j. Calculate the remainder when 21 is divided by y.
10
Suppose a - 5*k - 610 = 0, -3*k + 0*k = 2*a - 1259. Suppose r - a = -4*r. What is the remainder when r is divided by 18?
17
Let x(r) = -3*r + 234. What is the remainder when x(23) is divided by 24?
21
Suppose 0 = -10*j - 607 - 43. Let z = j + 87. What is the remainder when 107 is divided by z?
19
Let a(d) = -d**3 - 9*d**2 + 8*d + 22. What is the remainder when 119 is divided by a(-10)?
35
What is the remainder when 50/(-15)*6/4*-13 is divided by 41?
24
Let x(w) = w**2 - 3*w + 17. Let g be x(0). Suppose g = 2*j - 7. Suppose -116 + 14 = -3*h. What is the remainder when h is divided by j?
10
Calculate the remainder when ((-28)/10)/((-14)/245*1) is divided by 7.
0
Suppose 20 = z - 3*p, -34*p - 9 = -31*p. Calculate the remainder when 63 is divided by z.
8
Let y(q) = -q**3 - 2*q**2 + 8*q - 7. Let i be y(-4). Let r(b) = -b**3 - 5*b**2 + 5*b + 7. Calculate the remainder when -7*(0 - (-22)/i) is divided by r(-6).
9
Let m(g) = g**3 - 14*g - 2. Calculate the remainder when m(5) is divided by 19.
15
Suppose -q + u = -30, 5*q - 2*u = 86 + 67. Let s = -3 + 6. What is the remainder